{"id":866,"date":"2011-07-18T20:50:38","date_gmt":"2011-07-18T20:50:38","guid":{"rendered":"http:\/\/www.charmed-online.net\/nieuws\/?page_id=866"},"modified":"2011-07-18T21:54:59","modified_gmt":"2011-07-18T21:54:59","slug":"1%c3%9706-the-wedding-from-hell","status":"publish","type":"page","link":"https:\/\/www.charmed-online.nl\/?page_id=866","title":{"rendered":"1&#215;06 The Wedding From Hell"},"content":{"rendered":"<p><center><img decoding=\"async\" src=\"\/Afbeeldingen\/Seizoen1-106.png\"><\/center><\/p>\n<p><strong>Plot<\/strong><br \/>\nPiper regelt de catering van een groot huwelijk in de stad. Samen met haar zussen raakt ze daar verwikkeld in een magisch gevecht als ze de demonische godin Hecate moeten stoppen. Hecate is van plan een demonische kind te verwerken, met de bruidegom. Intussen is Phoebe bang dat Piper zwanger is van warlock Jeremy \u2013 Piper\u2019s vriend uit aflevering 1 &#8211; nadat ze een visioen heeft gekregen.<\/p>\n<p><strong>Spreuken<\/strong><\/p>\n<p><strong>Rituelen<\/strong><\/p>\n<p><strong>Demonen<\/strong><\/p>\n<p><strong>Weetjes<\/strong><br \/>\n&#8211; Alyssa is niet langer als laatste te zien in de opening credits van de cast.<br \/>\n&#8211; Kali is eigenlijk een de god van verwoesting en wedergeboorte in het hindoeisme<br \/>\n&#8211; Rebecca Balding speelt in deze aflevering de rol van Tante Jackie, maar is later te zien als Phoebe&#8217;s baas Elise Rothman bij de Bay Mirror krant.<br \/>\n&#8211; Het huisnummer van de zusjes is 555-0198<br \/>\n&#8211; Orginele uitzenddatum: 11 november 1998<\/p>\n<p><strong>Quotes<\/strong><br \/>\nPhoebe (to Leo about Piper): Oh, that&#8217;s just Piper. She&#8217;s got to be everyone&#8217;s mom. Think of her as your mom, I know I do.<\/p>\n<p>Phoebe walks in the living room and sees Leo looking in the fireplace and likes what she sees.<br \/>\nPhoebe: My Santa, you&#8217;ve changed.<\/p>\n<p>Phoebe (about Leo): Oh. Quite possibly the finest glutes in the city.<br \/>\nPiper: In the state.<br \/>\nPhoebe: In all the land.<\/p>\n<p>Piper: Hungry?<br \/>\nLeo: Uh.<br \/>\nPiper: Oh, it&#8217;s on the house.<br \/>\nLeo: You&#8217;re big on food, aren\u2019t you?<br \/>\nPiper: Uh&#8230;<br \/>\nLeo: No, that&#8217;s good. You know, actually, in the Mayan culture the cook was second in the hierarchy only to the medicine man.<br \/>\nPiper: Mayans? You know about Mayans? Well, you certainly are a handyman, aren&#8217;t you?<br \/>\nLeo: Uh, so, does Phoebe work here too?<br \/>\nPiper: Phoebe? Work? No, no, no, she&#8217;s probably at her gay and lesbian group right about now. So what&#8217;ll it be?<\/p>\n<p>Aviva: I like mirrors; they never lie to you. They always tell the truth whether you like it or not. <\/p>\n<p><strong>Internationaal<\/strong><br \/>\nLa Cuarta Hermana (Spanje)<br \/>\n\u010ctvrt\u00e1 sestra (Tjechi\u00eb)<br \/>\nLa quatri\u00e8me soeur (Frankrijk) <\/p>\n<p><strong>Gastrollen<\/strong><br \/>\nLeigh-Allyn Baker (Hannah Webster)<br \/>\nNeil Roberts (Rex Buckland)<br \/>\nTodd Cattell (Elliott Spencer)<br \/>\nChristie Lynn Smith (Allison Michaels)<br \/>\nSara Rose Peterson (Jade D&#8217;Mon\/Hecate)<\/p>\n<p><strong>Muziek<\/strong><br \/>\n&#8211;<\/p>\n","protected":false},"excerpt":{"rendered":"<p>Plot Piper regelt de catering van een groot huwelijk in de stad. Samen met haar zussen raakt ze daar verwikkeld in een magisch gevecht als [&hellip;]<\/p>\n","protected":false},"author":1,"featured_media":0,"parent":100,"menu_order":0,"comment_status":"open","ping_status":"open","template":"","meta":{"footnotes":""},"class_list":["post-866","page","type-page","status-publish","hentry"],"_links":{"self":[{"href":"https:\/\/www.charmed-online.nl\/index.php?rest_route=\/wp\/v2\/pages\/866","targetHints":{"allow":["GET"]}}],"collection":[{"href":"https:\/\/www.charmed-online.nl\/index.php?rest_route=\/wp\/v2\/pages"}],"about":[{"href":"https:\/\/www.charmed-online.nl\/index.php?rest_route=\/wp\/v2\/types\/page"}],"author":[{"embeddable":true,"href":"https:\/\/www.charmed-online.nl\/index.php?rest_route=\/wp\/v2\/users\/1"}],"replies":[{"embeddable":true,"href":"https:\/\/www.charmed-online.nl\/index.php?rest_route=%2Fwp%2Fv2%2Fcomments&post=866"}],"version-history":[{"count":4,"href":"https:\/\/www.charmed-online.nl\/index.php?rest_route=\/wp\/v2\/pages\/866\/revisions"}],"predecessor-version":[{"id":915,"href":"https:\/\/www.charmed-online.nl\/index.php?rest_route=\/wp\/v2\/pages\/866\/revisions\/915"}],"up":[{"embeddable":true,"href":"https:\/\/www.charmed-online.nl\/index.php?rest_route=\/wp\/v2\/pages\/100"}],"wp:attachment":[{"href":"https:\/\/www.charmed-online.nl\/index.php?rest_route=%2Fwp%2Fv2%2Fmedia&parent=866"}],"curies":[{"name":"wp","href":"https:\/\/api.w.org\/{rel}","templated":true}]}}