{"id":700,"date":"2010-12-25T20:30:16","date_gmt":"2010-12-25T20:30:16","guid":{"rendered":"http:\/\/www.charmed-online.net\/nieuws\/?page_id=700"},"modified":"2015-08-08T09:18:50","modified_gmt":"2015-08-08T09:18:50","slug":"1x01-something-wicca-this-way-comes","status":"publish","type":"page","link":"https:\/\/www.charmed-online.nl\/?page_id=700","title":{"rendered":"1&#215;01 Something Wicca This Way Comes"},"content":{"rendered":"<p><center><img decoding=\"async\" src=\"\/Afbeeldingen\/Seizoen1-101.png\"><\/center><\/p>\n<p><strong>Plot<\/strong><br \/>\nNadat Phoebe haar baan in New York City verlies besluit ze terug te verhuizen naar San Francisco om bij haar Zussen Prue en Piper te gaan wonen. Die wonen na de dood van hun oma enkele maanden geleden in haar huis en Prue is niet blij met de terugkeer van har zus. Tijdens haar eerste nacht in het huis vindt Phoebe een boek over hekserij &#038; magie het &#8216;Book of Shadows&#8217; en leest daarin een spreuk hardop uit. Hierdoor ontvangen de drie zussen de magische krachten die ze altijd al moeten hebben. Nu moeten ze omgaan met het feit dat ze heksen zijn en het het kwaad gaan bestrijden. <\/p>\n<p><strong>Spreuken<\/strong><br \/>\n<u>Om Jeremy te verslaan door de zusjes:<\/u><br \/>\nYour love will wither and depart<br \/>\nFrom my life and my heart<br \/>\nLet me be, Jeremy, and go away forever<\/p>\n<p><u>Power of 3 spreuk door de zusjes:<\/u><br \/>\nThe Power of Three<br \/>\nwill set us Free <\/p>\n<p><u>Om hun krachten te ontvangen door Phoebe:<\/u><br \/>\nHear now the words of the witches<br \/>\nThe secrets we hid in the night<br \/>\nThe oldest of gods are invoked here<br \/>\nThe great work of magic is sought <\/p>\n<p>In this night and in this hour<br \/>\nI call upon the ancient power<br \/>\nBring your powers to we sisters three<br \/>\nWe want the power<br \/>\nGive us the power <\/p>\n<p><u>Spreuk door Serena Fredrick:<\/u><br \/>\nAncient one of the earth so deep<br \/>\nMaster of the moon and sun<br \/>\nI shield you in my Wiccan way<br \/>\nHere in my circle round,<br \/>\nAsking you to protect this space<br \/>\nAnd offer your sun-force down<\/p>\n<p><strong>Rituelen<\/strong><\/p>\n<p><strong>Demonen<\/strong><br \/>\n<em>Jeremy Burns<\/em><br \/>\nEen warlock die na het overlijden van Piper&#8217;s moeder een relatie met haar begint omdat hij weet dat ze hierdoor haar magische krachten zal krijgen. Jeremy heeft o.a. de kracht van pyrokinesis. Hij wordt verslagen door de &#8216;Power of 3&#8217; spreuk.<\/p>\n<p><strong>Weetjes<\/strong><br \/>\n&#8211; De zusjes krijgen hun krachten<br \/>\n&#8211; Prue werkte voor het &#8220;American Museum of Natural History&#8221;<br \/>\n&#8211; Jeremy werkte voor de &#8220;San Francisco Chronicle&#8221;<br \/>\n&#8211; Orginele uitzenddatum: 7 oktober 1998<\/p>\n<p><strong>Quotes<\/strong><br \/>\n(Piper runs into the house in a panic, after being attacked by Jeremy the warlock.)<br \/>\nPrue: Oh my God. What is it? What&#8217;s wrong?<br \/>\nPiper: Quick! Lock the doors, check the windows. We don&#8217;t have a lot of time. Phoebe, in the Book of Shadows, did it say how to get rid of a\u2026<br \/>\nPhoebe: \u2026warlock?<br \/>\nPrue: Oh my God. <\/p>\n<p>Phoebe: Are you okay?<br \/>\nPrue: No, I&#8217;m not okay! You turned me into a witch.<br \/>\nPhoebe: You were born one. We all were. And I think we better start learning to deal with that. <\/p>\n<p>Prue: You checked up on me?<br \/>\nAndy: I wouldn&#8217;t call it that.<br \/>\nPrue: What would you call it?<br \/>\nAndy: Uh\u2026&#8221;enquiring minds wanna know&#8221;?<br \/>\nPrue: You checked up on me. <\/p>\n<p>Phoebe: No. According to the Book Of Shadows, one of our ancestors was a witch, named Melinda Warren.<br \/>\nPiper: And we have a cousin who&#8217;s a drunk, an aunt who&#8217;s manic, and a father who&#8217;s invisible.<\/p>\n<p><strong>Internationaal<\/strong><br \/>\nLe livre des ombres (Frans)<br \/>\nAqu\u00ed llega algo m\u00e1gico (Spaans)<br \/>\nDas Buch der Schatten (Duits)<br \/>\nLibro delle Ombre  (Italiaans)<br \/>\nKolmen voima (Fins)<br \/>\nV\u0161echno zl\u00e9 pro n\u011bco dobr\u00e9 (Tjechi\u00eb)<\/p>\n<p><strong>Gastrollen<\/strong><br \/>\nEric Scott Woods (Jeremy Burns)<br \/>\nMatthew Ashford (Roger)<br \/>\nChris Flanders (Chef Moore) <\/p>\n<p><strong>Muziek<\/strong><br \/>\n&#8216;How Soon Is Now&#8217; door Love Spit Love<\/p>\n","protected":false},"excerpt":{"rendered":"<p>Plot Nadat Phoebe haar baan in New York City verlies besluit ze terug te verhuizen naar San Francisco om bij haar Zussen Prue en Piper [&hellip;]<\/p>\n","protected":false},"author":1,"featured_media":0,"parent":100,"menu_order":0,"comment_status":"open","ping_status":"open","template":"","meta":{"footnotes":""},"class_list":["post-700","page","type-page","status-publish","hentry"],"_links":{"self":[{"href":"https:\/\/www.charmed-online.nl\/index.php?rest_route=\/wp\/v2\/pages\/700","targetHints":{"allow":["GET"]}}],"collection":[{"href":"https:\/\/www.charmed-online.nl\/index.php?rest_route=\/wp\/v2\/pages"}],"about":[{"href":"https:\/\/www.charmed-online.nl\/index.php?rest_route=\/wp\/v2\/types\/page"}],"author":[{"embeddable":true,"href":"https:\/\/www.charmed-online.nl\/index.php?rest_route=\/wp\/v2\/users\/1"}],"replies":[{"embeddable":true,"href":"https:\/\/www.charmed-online.nl\/index.php?rest_route=%2Fwp%2Fv2%2Fcomments&post=700"}],"version-history":[{"count":7,"href":"https:\/\/www.charmed-online.nl\/index.php?rest_route=\/wp\/v2\/pages\/700\/revisions"}],"predecessor-version":[{"id":705,"href":"https:\/\/www.charmed-online.nl\/index.php?rest_route=\/wp\/v2\/pages\/700\/revisions\/705"}],"up":[{"embeddable":true,"href":"https:\/\/www.charmed-online.nl\/index.php?rest_route=\/wp\/v2\/pages\/100"}],"wp:attachment":[{"href":"https:\/\/www.charmed-online.nl\/index.php?rest_route=%2Fwp%2Fv2%2Fmedia&parent=700"}],"curies":[{"name":"wp","href":"https:\/\/api.w.org\/{rel}","templated":true}]}}